{"id":185,"date":"2012-05-31T19:19:57","date_gmt":"2012-06-01T00:19:57","guid":{"rendered":"http:\/\/foroporlalibertad.noblogs.org\/?page_id=185"},"modified":"2012-06-06T16:16:10","modified_gmt":"2012-06-06T21:16:10","slug":"rosario-diaz-mendez","status":"publish","type":"page","link":"https:\/\/foroporlalibertad.noblogs.org\/?page_id=185","title":{"rendered":"Rosario D\u00edaz Mendez"},"content":{"rendered":"<p>Es actualmente el otro integrante de la organizaci\u00f3n civil La Voz del Amate, adherente a la Sexta Declaraci\u00f3n de la Selva Lacandona, se ha solidarizado con algunas de las acciones para pedir justicia (como ayunos y oraciones) por la fabricaci\u00f3n de sus delitos por parte. Rosario fue encarcelado en el a\u00f1o 2005 en el gobierno y de la polic\u00eda municipio de Huitiup\u00e1n, acusado de secuestro. En su detenci\u00f3n fue golpeado y torturado poni\u00e9ndole una bolsa en la cabeza para asfixiarlo y obligarle a firmar su declaraci\u00f3n como culpable. Al mismo tiempo, la familia no tuvo acceso a la informaci\u00f3n del lugar donde se encontraba detenido el compa\u00f1ero Rosario. La tortura y el miedo son los mecanismos que usa la polic\u00eda para conseguir que los detenidos injustamente se autodeclaren culpables. Se encuentra preso en el CERSS n\u00b05.<\/p>\n<p><strong>DATOS PERSONALES<a href=\"https:\/\/foroporlalibertad.noblogs.org\/files\/2012\/05\/rosario.jpg\"><img loading=\"lazy\" decoding=\"async\" class=\"alignright size-medium wp-image-368\" src=\"https:\/\/foroporlalibertad.noblogs.org\/files\/2012\/05\/rosario-237x300.jpg\" alt=\"\" width=\"237\" height=\"300\" srcset=\"https:\/\/foroporlalibertad.noblogs.org\/files\/2012\/05\/rosario-237x300.jpg 237w, https:\/\/foroporlalibertad.noblogs.org\/files\/2012\/05\/rosario-809x1024.jpg 809w, https:\/\/foroporlalibertad.noblogs.org\/files\/2012\/05\/rosario-79x100.jpg 79w, https:\/\/foroporlalibertad.noblogs.org\/files\/2012\/05\/rosario-118x150.jpg 118w\" sizes=\"auto, (max-width: 237px) 100vw, 237px\" \/><\/a><\/strong><\/p>\n<p><strong>Nombre y apellidos:<\/strong> Rosario D\u00edaz M\u00e9ndez<strong><br \/>\nFecha de nacimiento:<\/strong> 15 de mayo de 1965<strong><br \/>\nLugar de nacimiento:<\/strong> Colonia El Azufre, Municipio Huitiupan<strong><br \/>\nEstado civil:<\/strong> Casado<strong><br \/>\nLengua:<\/strong> Tzotzil<strong><br \/>\nNumero de dependientes econ\u00f3micos:<\/strong> su esposa<strong><br \/>\nDomicilio actual de la familia:<\/strong> Barrio La Pista, cabecera municipal de Huitiupan<strong><br \/>\nOrganizaci\u00f3n:<\/strong> Voz del Amate<strong>, <\/strong>adherente a la Sexta Declaraci\u00f3n de la Selva Lacandona<strong><br \/>\nCargo en la comunidad:<\/strong> ninguno<strong><br \/>\nOcupaci\u00f3n:<\/strong> Agricultor<strong><br \/>\nN\u00ba de expedientes:<\/strong> 323\/2005 y 047\/2006<\/p>\n<p><strong>DETENCI\u00d3N<\/strong><\/p>\n<p>Rosario D\u00edaz M\u00e9ndez fue detenido el d\u00eda 23 de agosto de 2005 en Huitiupan por la polic\u00eda municipal. Los polic\u00edas no se identificaron y no mostraron ninguna orden de aprehensi\u00f3n. Tampoco se le comunic\u00f3 el motivo por el cual lo detuvieron. Lo llevaron a la oficina de la Fiscal\u00eda en el municipio de Huitiup\u00e1n, y de ah\u00ed a la Procuradur\u00eda en Tuxtla Guti\u00e9rrez.<\/p>\n<p>Rosario sufri\u00f3 tortura, recibi\u00f3 varios golpes en los o\u00eddos, le pusieron una bolsa de pl\u00e1stico en la cabeza y le echaron tehuacan (agua mineral) con chile en la cara para asfixiarlo, le ataron las manos y los pies.<\/p>\n<p>Despu\u00e9s de eso, lo trasladaron a la entonces casa de arraigo Quinta Pitiquitos, en Chiapas de Corzo donde permaneci\u00f3 incomunicado hasta el 25 de agosto mientras su familia se esforzaba para conocer su paradero. Un mes despu\u00e9s, lo mandaron al CERSS n\u00ba14 El Amate, Cintalapa. .<\/p>\n<p><strong>DECLARACI\u00d3N<\/strong><\/p>\n<p>La declaraci\u00f3n se firm\u00f3 en la Procuradur\u00eda de Justicia en Tuxtla. Los polic\u00edas judiciales le tomaron la declaraci\u00f3n. Durante la declaraci\u00f3n Rosario no tuvo acceso a un abogado defensor ni a un traductor que comprenda la lengua y las tradiciones tzotziles. No le leyeron su declaraci\u00f3n y fue obligado a firmarla.<\/p>\n<p>Lo acusan de delito de secuestro y homicidio.<\/p>\n<p><strong>PROCESO<\/strong><\/p>\n<p>Fue sentenciado a 45 a\u00f1os de prisi\u00f3n. Apel\u00f3 y fue confirmada la sentencia. El defensor de oficio que lleva su caso no lo mantiene informado del proceso judicial.<\/p>\n<p><strong>CONDICIONES EN PRISI\u00d3N<\/strong><\/p>\n<p>Rosario fue trasladado del CERSS No. 14 El Amate al CERSS No.5 de San Crist\u00f3bal de las Casas, donde se encuentra recluido actualmente.<\/p>\n<p>Padece las siguientes enfermedades: Tos cr\u00f3nica y epilepsia, ambas se manifestaron estando en prisi\u00f3n y no est\u00e1 recibiendo la atenci\u00f3n m\u00e9dica adecuada.<\/p>\n<p>Comenta que recibe alimentaci\u00f3n de mala calidad adentro del CERSS No.5.<\/p>\n<p>Rosario recibe visitas de sus familiares cuando pueden porque se les dificulta el costo de los pasajes. Tiene pocos ingresos econ\u00f3micos, una parte proviene de las artesan\u00edas que produce adentro del penal junto con los compa\u00f1eros presos de la Voz del Amate y los Solidarios de la Voz del Amate.<\/p>\n<p><strong>IMPACTO DE LA DETENCI\u00d3N SOBRE LA FAMILIA Y\/O COMUNIDAD<\/strong><\/p>\n<p>Su familia se ha sumado a las acciones que se han hecho en defensa de los presos. Rosario es integrante de la organizaci\u00f3n La Voz del Amate. Desde esta organizaci\u00f3n ha practicado huelgas de hambre y denuncias p\u00fablicas como forma de denuncia y de presi\u00f3n. Rosario particip\u00f3 en la huelga de hambre en el CERSS 5, la cual dur\u00f3 39 d\u00edas, poniendo en riesgo grave su vida.<\/p>\n<h2 id=\"comments\"><\/h2>\n","protected":false},"excerpt":{"rendered":"<p>Es actualmente el otro integrante de la organizaci\u00f3n civil La Voz del Amate, adherente a la Sexta Declaraci\u00f3n de la Selva Lacandona, se ha solidarizado con algunas de las acciones para pedir justicia (como ayunos y oraciones) por la fabricaci\u00f3n de sus delitos por parte. Rosario fue encarcelado en el a\u00f1o 2005 en el gobierno&hellip;<\/p>\n","protected":false},"author":5288,"featured_media":0,"parent":234,"menu_order":0,"comment_status":"closed","ping_status":"closed","template":"","meta":{"footnotes":""},"class_list":["post-185","page","type-page","status-publish","hentry"],"_links":{"self":[{"href":"https:\/\/foroporlalibertad.noblogs.org\/index.php?rest_route=\/wp\/v2\/pages\/185","targetHints":{"allow":["GET"]}}],"collection":[{"href":"https:\/\/foroporlalibertad.noblogs.org\/index.php?rest_route=\/wp\/v2\/pages"}],"about":[{"href":"https:\/\/foroporlalibertad.noblogs.org\/index.php?rest_route=\/wp\/v2\/types\/page"}],"author":[{"embeddable":true,"href":"https:\/\/foroporlalibertad.noblogs.org\/index.php?rest_route=\/wp\/v2\/users\/5288"}],"replies":[{"embeddable":true,"href":"https:\/\/foroporlalibertad.noblogs.org\/index.php?rest_route=%2Fwp%2Fv2%2Fcomments&post=185"}],"version-history":[{"count":3,"href":"https:\/\/foroporlalibertad.noblogs.org\/index.php?rest_route=\/wp\/v2\/pages\/185\/revisions"}],"predecessor-version":[{"id":369,"href":"https:\/\/foroporlalibertad.noblogs.org\/index.php?rest_route=\/wp\/v2\/pages\/185\/revisions\/369"}],"up":[{"embeddable":true,"href":"https:\/\/foroporlalibertad.noblogs.org\/index.php?rest_route=\/wp\/v2\/pages\/234"}],"wp:attachment":[{"href":"https:\/\/foroporlalibertad.noblogs.org\/index.php?rest_route=%2Fwp%2Fv2%2Fmedia&parent=185"}],"curies":[{"name":"wp","href":"https:\/\/api.w.org\/{rel}","templated":true}]}}