{"id":234,"date":"2012-05-31T22:52:15","date_gmt":"2012-06-01T03:52:15","guid":{"rendered":"http:\/\/foroporlalibertad.noblogs.org\/?page_id=234"},"modified":"2012-10-01T13:36:28","modified_gmt":"2012-10-01T18:36:28","slug":"nuestrxs-presxs-rehenes-del-estado","status":"publish","type":"page","link":"https:\/\/foroporlalibertad.noblogs.org\/?page_id=234","title":{"rendered":"Nuestrxs presxs"},"content":{"rendered":"<p><strong>Quienes son nuestrxs presxs, rehenes del Estado<\/strong><\/p>\n<p>Para ver todas las informaciones disponibles sobre el caso de cada compa\u00f1ero y compa\u00f1era sequestrados en los penales de M\u00e8xico haga click en su nombre para ir a la pagina de enlace.<\/p>\n<p>&nbsp;<\/p>\n<p><strong> &#8212;&#8212;&#8211;CHIAPAS&#8212;&#8212;&#8211;<\/strong><a href=\"https:\/\/foroporlalibertad.noblogs.org\/files\/2012\/05\/penales-de-chiapas2.jpg\"><strong><a href=\"https:\/\/foroporlalibertad.noblogs.org\/files\/2012\/05\/penales-de-chiapas2.jpg\"><img loading=\"lazy\" decoding=\"async\" class=\"alignright  wp-image-259\" src=\"https:\/\/foroporlalibertad.noblogs.org\/files\/2012\/05\/penales-de-chiapas2.jpg\" alt=\"\" width=\"384\" height=\"288\" srcset=\"https:\/\/foroporlalibertad.noblogs.org\/files\/2012\/05\/penales-de-chiapas2.jpg 640w, https:\/\/foroporlalibertad.noblogs.org\/files\/2012\/05\/penales-de-chiapas2-300x225.jpg 300w\" sizes=\"auto, (max-width: 384px) 100vw, 384px\" \/><\/a><\/strong><\/a><\/p>\n<ul>\n<li><strong>LA VOZ DEL AMATE<\/strong><\/li>\n<\/ul>\n<p><strong><a href=\"https:\/\/foroporlalibertad.noblogs.org\/?page_id=176&amp;preview=true\">Alberto Patisht\u00e1n G\u00f3mez<\/a><br \/>\n<a href=\"https:\/\/foroporlalibertad.noblogs.org\/?page_id=185\">Rosario D\u00edaz Mendez<\/a><\/strong><\/p>\n<p>&nbsp;<\/p>\n<ul>\n<li><strong><strong>L@S\u00a0 SOLIDARI@S\u00a0 DE\u00a0 LA\u00a0 VOZ\u00a0 DEL\u00a0 AMATE<\/strong><\/strong><\/li>\n<\/ul>\n<p>As\u00ed se definen: \u201c<em>L@s Solidari@s de la voz del Amate somos un grupo de ind\u00edgenas que hablamos diferentes lenguas maternas, el Tseltal y el Tsotsil, y que provenimos mayormente de la zona de Los Altos de Chiapas y nos dedicabamos al trabajo del campo, pero el mal sistema del gobierno nos encarcel\u00f3 injustamente y dentro de la c\u00e1rcel nos organizamos en defender nuestros derechos, porque ya no soportabamos las injusticias que se viven dentro del penal; y que nos tienen cautivos sin cometer delitos; nos siguen lesionando nuestros derechos y nos condenan a muchos a\u00f1os. Como Solidari@s de la voz del Amate nuestro objetivo es decir la verdad, defender y reclamar el derecho al bienestar de todos.\u201d<\/em><\/p>\n<p><a href=\"https:\/\/foroporlalibertad.noblogs.org\/?page_id=191\"><strong>Pedro L\u00f3pez Jim\u00e9nez<\/strong><\/a><br \/>\n<a href=\"https:\/\/foroporlalibertad.noblogs.org\/?page_id=194\"><strong>Alejandro D\u00edaz Santiz<\/strong><\/a><br \/>\n<a href=\"https:\/\/foroporlalibertad.noblogs.org\/?page_id=197\"><strong>Alfredo L\u00f3pez Jim\u00e9nez<\/strong><\/a><br \/>\n<a href=\"https:\/\/foroporlalibertad.noblogs.org\/?page_id=201\"><strong>Rosa L\u00f3pez D\u00edaz<\/strong><\/a><br \/>\n<a href=\"https:\/\/foroporlalibertad.noblogs.org\/?page_id=204\"><strong>Juan Collazo Jim\u00e9nez<\/strong><\/a><br \/>\n<a href=\"https:\/\/foroporlalibertad.noblogs.org\/?page_id=208\"><strong>Enrique G\u00f3mez Hern\u00e1ndez<\/strong><\/a><a href=\"https:\/\/foroporlalibertad.noblogs.org\/?page_id=204\"><strong><br \/>\nJuan D\u00edaz Lopez<\/strong><\/a><\/p>\n<ul>\n<li><strong><strong>LOS PRESOS DE LA OTRA CAMPA\u00d1A DE SAN SEBASTIAN BACHAJON<\/strong><\/strong><\/li>\n<\/ul>\n<p><a href=\"https:\/\/foroporlalibertad.noblogs.org\/?page_id=214\"><strong>Antonio Estrada Estrada<\/strong><\/a><br \/>\n<strong><a href=\"https:\/\/foroporlalibertad.noblogs.org\/?page_id=217\">Miguel Vazquez Deara<\/a><br \/>\n<a href=\"https:\/\/foroporlalibertad.noblogs.org\/?page_id=370\">Manuel Demeza Jimenez<\/a><\/strong><\/p>\n<p><strong><a href=\"https:\/\/foroporlalibertad.noblogs.org\/files\/2012\/05\/oax1.jpg\"><img loading=\"lazy\" decoding=\"async\" class=\"alignright  wp-image-272\" src=\"https:\/\/foroporlalibertad.noblogs.org\/files\/2012\/05\/oax1.jpg\" alt=\"\" width=\"344\" height=\"258\" srcset=\"https:\/\/foroporlalibertad.noblogs.org\/files\/2012\/05\/oax1.jpg 640w, https:\/\/foroporlalibertad.noblogs.org\/files\/2012\/05\/oax1-300x225.jpg 300w, https:\/\/foroporlalibertad.noblogs.org\/files\/2012\/05\/oax1-100x75.jpg 100w, https:\/\/foroporlalibertad.noblogs.org\/files\/2012\/05\/oax1-150x112.jpg 150w\" sizes=\"auto, (max-width: 344px) 100vw, 344px\" \/><\/a><\/strong><strong><\/strong><\/p>\n<p>&nbsp;<\/p>\n<p>&nbsp;<\/p>\n<p><strong>\u00a0&#8212;&#8212;&#8211;OAXACA&#8212;&#8212;&#8211;<\/strong><strong><\/strong><strong><\/strong><\/p>\n<ul>\n<li><strong>LA VOZ DE LOXICHA<\/strong><\/li>\n<\/ul>\n<p><a href=\"https:\/\/foroporlalibertad.noblogs.org\/?page_id=279\"><strong>Alvaro Sebastian Rami\u0301rez<\/strong><\/a><\/p>\n<p>&nbsp;<\/p>\n<p>&nbsp;<\/p>\n<p>&nbsp;<\/p>\n<p>&nbsp;<\/p>\n<p>&nbsp;<\/p>\n<p><strong><\/strong><strong>&#8212;&#8212;&#8211;GUERRERO&#8212;&#8212;&#8211;<\/strong><strong><a href=\"https:\/\/foroporlalibertad.noblogs.org\/files\/2012\/05\/guerrero.jpg\"><img loading=\"lazy\" decoding=\"async\" class=\"alignright size-medium wp-image-276\" src=\"https:\/\/foroporlalibertad.noblogs.org\/files\/2012\/05\/guerrero-300x225.jpg\" alt=\"\" width=\"300\" height=\"225\" srcset=\"https:\/\/foroporlalibertad.noblogs.org\/files\/2012\/05\/guerrero-300x225.jpg 300w, https:\/\/foroporlalibertad.noblogs.org\/files\/2012\/05\/guerrero-100x75.jpg 100w, https:\/\/foroporlalibertad.noblogs.org\/files\/2012\/05\/guerrero-150x112.jpg 150w, https:\/\/foroporlalibertad.noblogs.org\/files\/2012\/05\/guerrero.jpg 640w\" sizes=\"auto, (max-width: 300px) 100vw, 300px\" \/><\/a><\/strong><\/p>\n<p><strong>Ma\u0301ximo Mojica<\/strong><br \/>\n<strong>Mari\u0301a de los Angeles<\/strong><strong> Hernandez Santiago Nazario Lezma<\/strong><\/p>\n","protected":false},"excerpt":{"rendered":"<p>Quienes son nuestrxs presxs, rehenes del Estado Para ver todas las informaciones disponibles sobre el caso de cada compa\u00f1ero y compa\u00f1era sequestrados en los penales de M\u00e8xico haga click en su nombre para ir a la pagina de enlace. &nbsp; &#8212;&#8212;&#8211;CHIAPAS&#8212;&#8212;&#8211; LA VOZ DEL AMATE Alberto Patisht\u00e1n G\u00f3mez Rosario D\u00edaz Mendez &nbsp; L@S\u00a0 SOLIDARI@S\u00a0 DE\u00a0&hellip;<\/p>\n","protected":false},"author":5288,"featured_media":0,"parent":0,"menu_order":0,"comment_status":"closed","ping_status":"closed","template":"","meta":{"footnotes":""},"class_list":["post-234","page","type-page","status-publish","hentry"],"_links":{"self":[{"href":"https:\/\/foroporlalibertad.noblogs.org\/index.php?rest_route=\/wp\/v2\/pages\/234","targetHints":{"allow":["GET"]}}],"collection":[{"href":"https:\/\/foroporlalibertad.noblogs.org\/index.php?rest_route=\/wp\/v2\/pages"}],"about":[{"href":"https:\/\/foroporlalibertad.noblogs.org\/index.php?rest_route=\/wp\/v2\/types\/page"}],"author":[{"embeddable":true,"href":"https:\/\/foroporlalibertad.noblogs.org\/index.php?rest_route=\/wp\/v2\/users\/5288"}],"replies":[{"embeddable":true,"href":"https:\/\/foroporlalibertad.noblogs.org\/index.php?rest_route=%2Fwp%2Fv2%2Fcomments&post=234"}],"version-history":[{"count":23,"href":"https:\/\/foroporlalibertad.noblogs.org\/index.php?rest_route=\/wp\/v2\/pages\/234\/revisions"}],"predecessor-version":[{"id":252,"href":"https:\/\/foroporlalibertad.noblogs.org\/index.php?rest_route=\/wp\/v2\/pages\/234\/revisions\/252"}],"wp:attachment":[{"href":"https:\/\/foroporlalibertad.noblogs.org\/index.php?rest_route=%2Fwp%2Fv2%2Fmedia&parent=234"}],"curies":[{"name":"wp","href":"https:\/\/api.w.org\/{rel}","templated":true}]}}