{"id":331,"date":"2012-06-06T12:58:01","date_gmt":"2012-06-06T17:58:01","guid":{"rendered":"http:\/\/foroporlalibertad.noblogs.org\/?page_id=331"},"modified":"2012-10-01T13:41:55","modified_gmt":"2012-10-01T18:41:55","slug":"video-de-las-ponencia-del-foro","status":"publish","type":"page","link":"https:\/\/foroporlalibertad.noblogs.org\/?page_id=331","title":{"rendered":"V\u00eddeos de las ponencia del Foro"},"content":{"rendered":"<div>\n<p><strong>Presentaci\u00f3n y bienvenida al Foro por la RvsR Chiapas<\/strong><\/p>\n<\/div>\n<p><iframe loading=\"lazy\" title=\"Foro contra la prision pol\u00edtica y por la libertad de Alberto Patisht\u00e1n_Presentaci\u00f3n\" width=\"500\" height=\"281\" src=\"https:\/\/www.youtube.com\/embed\/inutWkssGaE?feature=oembed\" frameborder=\"0\" allow=\"accelerometer; autoplay; clipboard-write; encrypted-media; gyroscope; picture-in-picture; web-share\" referrerpolicy=\"strict-origin-when-cross-origin\" allowfullscreen><\/iframe><\/p>\n<p><strong>Lectura de la denuncia del Caracol de la Junta de Buen Gobierno de Oventic del 27 de marzo de 2012 sobre el caso de Francisco S\u00e1ntiz L\u00f3pez<\/strong><\/p>\n<p><iframe loading=\"lazy\" title=\"Foro contra la prision pol\u00edtica y por la libertad de Alberto Patisht\u00e1n_Carta JGB Oventik\" width=\"500\" height=\"281\" src=\"https:\/\/www.youtube.com\/embed\/erFi5jbKdO8?feature=oembed\" frameborder=\"0\" allow=\"accelerometer; autoplay; clipboard-write; encrypted-media; gyroscope; picture-in-picture; web-share\" referrerpolicy=\"strict-origin-when-cross-origin\" allowfullscreen><\/iframe><\/p>\n<p><strong>Palabras de Jorge Luiz Hern\u00e1ndez Castro (Centro de De Derechos Humanos Frayba) sobre el caso de Alberto Patisht\u00e1n<\/strong><\/p>\n<p><iframe loading=\"lazy\" title=\"Foro contra la prision pol\u00edtica y por la libertad de Alberto Patisht\u00e1n_FrayBa\" width=\"500\" height=\"281\" src=\"https:\/\/www.youtube.com\/embed\/M_NJYdju99A?feature=oembed\" frameborder=\"0\" allow=\"accelerometer; autoplay; clipboard-write; encrypted-media; gyroscope; picture-in-picture; web-share\" referrerpolicy=\"strict-origin-when-cross-origin\" allowfullscreen><\/iframe><\/p>\n<p><strong>El caso de Alberto contado por su hija, Grabriela Patisht\u00e1n.<\/strong><\/p>\n<p><iframe loading=\"lazy\" title=\"Foro contra la prision pol\u00edtica y por la libertad de Alberto Patisht\u00e1n_Gabriela Patishta\u0301n.mov\" width=\"500\" height=\"281\" src=\"https:\/\/www.youtube.com\/embed\/nB0zrwpy5ns?feature=oembed\" frameborder=\"0\" allow=\"accelerometer; autoplay; clipboard-write; encrypted-media; gyroscope; picture-in-picture; web-share\" referrerpolicy=\"strict-origin-when-cross-origin\" allowfullscreen><\/iframe><\/p>\n<p><strong>Audio-mensaje del Profe Alberto desde el carcel de Sinaloa.<\/strong><\/p>\n<p><a href=\"https:\/\/foroporlalibertad.noblogs.org\/files\/2012\/05\/saludo-foro-0012.mp3\">echucha el saludo al Foro del profe Patisht\u00e1n<\/a><\/p>\n<p><strong>Palabras de Andr\u00e9s N\u00fa\u00f1ez, ex compa\u00f1ero preso de Patisht\u00e1n en el Cereso 5 y miembro de La Voz del Amate.<\/strong><\/p>\n<p><iframe loading=\"lazy\" title=\"Foro contra la prision pol\u00edtica y por la libertad de Alberto Patisht\u00e1n_SolidarioVozAmate\" width=\"500\" height=\"281\" src=\"https:\/\/www.youtube.com\/embed\/iYE19QO8yMI?feature=oembed\" frameborder=\"0\" allow=\"accelerometer; autoplay; clipboard-write; encrypted-media; gyroscope; picture-in-picture; web-share\" referrerpolicy=\"strict-origin-when-cross-origin\" allowfullscreen><\/iframe><\/p>\n<p><strong>Audio-mensaje de Lxs Solidarixs de La Voz del Amate, detenidxs en el CERESO 5 SCLC<br \/>\n<\/strong><\/p>\n<p><a href=\"https:\/\/foroporlalibertad.noblogs.org\/files\/2012\/05\/Solidarixs.mp3\">eschucha el saludo al Foro de Lxs Solidarixs de La Voz del Amate<\/a><\/p>\n<p><strong>La comunidad del bosque, al lado del profe patisht\u00e1n. Palabras del profesor Mart\u00edn Ram\u00edrez L\u00f3pez.<\/strong><\/p>\n<p><iframe loading=\"lazy\" title=\"Foro contra la prision pol\u00edtica y por la libertad de Alberto Patisht\u00e1n__comunidad El Bosque\" width=\"500\" height=\"281\" src=\"https:\/\/www.youtube.com\/embed\/LKfePkRXtQA?feature=oembed\" frameborder=\"0\" allow=\"accelerometer; autoplay; clipboard-write; encrypted-media; gyroscope; picture-in-picture; web-share\" referrerpolicy=\"strict-origin-when-cross-origin\" allowfullscreen><\/iframe><\/p>\n<p><strong>Carta de la Confederaci\u00f3n General del Trabajo (CGT), Estado Espa\u00f1ol.<\/strong><\/p>\n<p><iframe loading=\"lazy\" title=\"Foro contra la prision pol\u00edtica y por la libertad de Alberto Patisht\u00e1n_carta CGT\" width=\"500\" height=\"281\" src=\"https:\/\/www.youtube.com\/embed\/GaPmK8ggH0c?feature=oembed\" frameborder=\"0\" allow=\"accelerometer; autoplay; clipboard-write; encrypted-media; gyroscope; picture-in-picture; web-share\" referrerpolicy=\"strict-origin-when-cross-origin\" allowfullscreen><\/iframe><\/p>\n<p><strong>Julieta Hern\u00e1ndez G\u00f3mez (Brigada Feminista) sobre la condici\u00f3n de las mujeres presas y el caso de Rosa L\u00f3pez.<\/strong><\/p>\n<p><iframe loading=\"lazy\" title=\"Foro contra la prision pol\u00edtica y por la libertad de Alberto Patisht\u00e1n_brigada femminista\" width=\"500\" height=\"281\" src=\"https:\/\/www.youtube.com\/embed\/xG5Vucj29gU?feature=oembed\" frameborder=\"0\" allow=\"accelerometer; autoplay; clipboard-write; encrypted-media; gyroscope; picture-in-picture; web-share\" referrerpolicy=\"strict-origin-when-cross-origin\" allowfullscreen><\/iframe><\/p>\n<p><strong>Represi\u00f3n en San Sebastian Bachajon por Juan Vasquez.<\/strong><\/p>\n<p><iframe loading=\"lazy\" title=\"Foro contra la prision pol\u00edtica y por la libertad de Alberto Patisht\u00e1n_SanSebastianBachajon\" width=\"500\" height=\"281\" src=\"https:\/\/www.youtube.com\/embed\/ucJQEy3IQwU?feature=oembed\" frameborder=\"0\" allow=\"accelerometer; autoplay; clipboard-write; encrypted-media; gyroscope; picture-in-picture; web-share\" referrerpolicy=\"strict-origin-when-cross-origin\" allowfullscreen><\/iframe><\/p>\n<p><strong>Chalino Sandr\u00eda y Blas P\u00e9rez del Consejo Aut\u00f3nomo Regional de la Costa sobre la situaci\u00f3n en la Zona Costa de Chiapas<\/strong><\/p>\n<p><iframe loading=\"lazy\" title=\"Foro contra la prision pol\u00edtica y por la libertad de Alberto Patisht\u00e1n__Cosejo Autonomo Costa\" width=\"500\" height=\"281\" src=\"https:\/\/www.youtube.com\/embed\/J9MD_8qlU1k?feature=oembed\" frameborder=\"0\" allow=\"accelerometer; autoplay; clipboard-write; encrypted-media; gyroscope; picture-in-picture; web-share\" referrerpolicy=\"strict-origin-when-cross-origin\" allowfullscreen><\/iframe><\/p>\n<p><strong>Impacto de los penales de m\u00e1xima seguridad del Colectivo IK leido por Guillermo Villase\u00f1or<\/strong><\/p>\n<p><iframe loading=\"lazy\" title=\"Foro contra la prision pol\u00edtica y por la libertad de Alberto Patisht\u00e1n__ponencia colectivo Ik\" width=\"500\" height=\"281\" src=\"https:\/\/www.youtube.com\/embed\/bsNHnkLMRxQ?feature=oembed\" frameborder=\"0\" allow=\"accelerometer; autoplay; clipboard-write; encrypted-media; gyroscope; picture-in-picture; web-share\" referrerpolicy=\"strict-origin-when-cross-origin\" allowfullscreen><\/iframe><\/p>\n<p><strong>Prisi\u00f3n pol\u00edtica, por Cruz Negra Anarquista, habla Iv\u00e1n Torres<\/strong><\/p>\n<p><iframe loading=\"lazy\" title=\"Foro contra la prision pol\u00edtica y por la libertad de Alberto Patisht\u00e1n__CruzNegraAnarquista\" width=\"500\" height=\"281\" src=\"https:\/\/www.youtube.com\/embed\/bDfAbKQEivo?feature=oembed\" frameborder=\"0\" allow=\"accelerometer; autoplay; clipboard-write; encrypted-media; gyroscope; picture-in-picture; web-share\" referrerpolicy=\"strict-origin-when-cross-origin\" allowfullscreen><\/iframe><\/p>\n<p><strong>Campa\u00f1a contra la represi\u00f3n pol\u00edtica y la Tortura Sexual, habla Norma Jim\u00e9nez<\/strong><\/p>\n<p><iframe loading=\"lazy\" title=\"Foro contra la prision pol\u00edtica y por la libertad de Alberto Patisht\u00e1n_NormaJimenez\" width=\"500\" height=\"281\" src=\"https:\/\/www.youtube.com\/embed\/rep9lDjhQH0?feature=oembed\" frameborder=\"0\" allow=\"accelerometer; autoplay; clipboard-write; encrypted-media; gyroscope; picture-in-picture; web-share\" referrerpolicy=\"strict-origin-when-cross-origin\" allowfullscreen><\/iframe><\/p>\n<p><strong>Carta por La Pirata, articulaci\u00f3n de colectivos de Italia, Suiza y Holanda.<\/strong><\/p>\n<p><iframe loading=\"lazy\" title=\"Foro contra la prision pol\u00edtica y por la libertad de Alberto Patisht\u00e1n__carta Pirata\" width=\"500\" height=\"281\" src=\"https:\/\/www.youtube.com\/embed\/BlAr0K7Kaj0?feature=oembed\" frameborder=\"0\" allow=\"accelerometer; autoplay; clipboard-write; encrypted-media; gyroscope; picture-in-picture; web-share\" referrerpolicy=\"strict-origin-when-cross-origin\" allowfullscreen><\/iframe><\/p>\n<p><strong>El caso de Abraham Ramirez Vazquez, ex-preso del Codedi-Xanica (AMZ), Oaxaca<\/strong><\/p>\n<p><iframe loading=\"lazy\" title=\"Foro contra la prision pol\u00edtica y por la libertad de Alberto Patisht\u00e1n__AbrahamRamirezVasquez\" width=\"500\" height=\"281\" src=\"https:\/\/www.youtube.com\/embed\/mH0bprViZWY?feature=oembed\" frameborder=\"0\" allow=\"accelerometer; autoplay; clipboard-write; encrypted-media; gyroscope; picture-in-picture; web-share\" referrerpolicy=\"strict-origin-when-cross-origin\" allowfullscreen><\/iframe><\/p>\n<p><strong>El caso de Victor Herrera Govea, ex-preso, DF<\/strong><\/p>\n<p><iframe loading=\"lazy\" title=\"Foro contra la prision pol\u00edtica y por la libertad de Alberto Patisht\u00e1n_caso VictorHerreraGovea\" width=\"500\" height=\"281\" src=\"https:\/\/www.youtube.com\/embed\/Q_vHmFhu42g?feature=oembed\" frameborder=\"0\" allow=\"accelerometer; autoplay; clipboard-write; encrypted-media; gyroscope; picture-in-picture; web-share\" referrerpolicy=\"strict-origin-when-cross-origin\" allowfullscreen><\/iframe><\/p>\n<p><strong>Carta de la Plataforma Vasca de Solidaridad con Chiapas, Bilbao<\/strong><\/p>\n<p><iframe loading=\"lazy\" title=\"Foro contra la prision pol\u00edtica y por la libertad de Alberto Patisht\u00e1n__carta PlataformaVasca\" width=\"500\" height=\"281\" src=\"https:\/\/www.youtube.com\/embed\/B7FVyDzUUhU?feature=oembed\" frameborder=\"0\" allow=\"accelerometer; autoplay; clipboard-write; encrypted-media; gyroscope; picture-in-picture; web-share\" referrerpolicy=\"strict-origin-when-cross-origin\" allowfullscreen><\/iframe><\/p>\n<p><strong>Situaci\u00f3n de los presos de Guerrero por Tadeco<\/strong><\/p>\n<p><iframe loading=\"lazy\" title=\"Foro contra la prision pol\u00edtica y por la libertad de Alberto Patisht\u00e1n_Tadeco_Guerrero\" width=\"500\" height=\"281\" src=\"https:\/\/www.youtube.com\/embed\/1fLbcfX16Hw?feature=oembed\" frameborder=\"0\" allow=\"accelerometer; autoplay; clipboard-write; encrypted-media; gyroscope; picture-in-picture; web-share\" referrerpolicy=\"strict-origin-when-cross-origin\" allowfullscreen><\/iframe><\/p>\n<p><strong>Audio mensaje: saludo enviado por el preso M\u00e1ximo Mujica<\/strong><\/p>\n<audio class=\"wp-audio-shortcode\" id=\"audio-331-1\" preload=\"none\" style=\"width: 100%;\" controls=\"controls\"><source type=\"audio\/mpeg\" src=\"http:\/\/radiozapatista.org\/Audios\/foro_presos_12mayo2012\/29_tadeco2.mp3?_=1\" \/><a href=\"http:\/\/radiozapatista.org\/Audios\/foro_presos_12mayo2012\/29_tadeco2.mp3\">http:\/\/radiozapatista.org\/Audios\/foro_presos_12mayo2012\/29_tadeco2.mp3<\/a><\/audio>\n<p><strong>Video mensaje Campa\u00f1a Internacional por la Libertad Inmediata e Incondicional de Alvaro Sebasti\u00e1n Ram\u00edrez, adherente a La Otra Campa\u00f1a, Preso Pol\u00edtico y de Conciencia de la Regi\u00f3n Loxicha, Oaxaca.<\/strong><\/p>\n<p><iframe loading=\"lazy\" title=\"Alvaro Sebasti\u00e1n Ram\u00edrez.wmv\" width=\"500\" height=\"375\" src=\"https:\/\/www.youtube.com\/embed\/Ge2FaVPFAKw?feature=oembed\" frameborder=\"0\" allow=\"accelerometer; autoplay; clipboard-write; encrypted-media; gyroscope; picture-in-picture; web-share\" referrerpolicy=\"strict-origin-when-cross-origin\" allowfullscreen><\/iframe><\/p>\n<p><strong>Caso de \u00c1lvaro Sebasti\u00e1n Ram\u00edrez, preso pol\u00edtico loxicha, Oaxaca<\/strong><\/p>\n<p><iframe loading=\"lazy\" title=\"Foro contra la prision pol\u00edtica y por la libertad de Alberto Patisht\u00e1n_Loxicha, Oaxaca\" width=\"500\" height=\"281\" src=\"https:\/\/www.youtube.com\/embed\/wmJrRorMNWM?feature=oembed\" frameborder=\"0\" allow=\"accelerometer; autoplay; clipboard-write; encrypted-media; gyroscope; picture-in-picture; web-share\" referrerpolicy=\"strict-origin-when-cross-origin\" allowfullscreen><\/iframe><\/p>\n<p><strong>Carta de solidaridad del colectivo Les Trois Passants, Francia<\/strong><\/p>\n<p><iframe loading=\"lazy\" title=\"Foro contra la prision pol\u00edtica y por la libertad de Alberto Patisht\u00e1n_carta de Les trois passant\" width=\"500\" height=\"281\" src=\"https:\/\/www.youtube.com\/embed\/hLmbi9td_n0?feature=oembed\" frameborder=\"0\" allow=\"accelerometer; autoplay; clipboard-write; encrypted-media; gyroscope; picture-in-picture; web-share\" referrerpolicy=\"strict-origin-when-cross-origin\" allowfullscreen><\/iframe><\/p>\n<p><strong>La digna lucha de San Salvador Atenco, habla Ignacio del Valle<\/strong><\/p>\n<p><iframe loading=\"lazy\" title=\"Foro contra la prision pol\u00edtica y por la libertad de Alberto Patisht\u00e1n_Atenco\" width=\"500\" height=\"281\" src=\"https:\/\/www.youtube.com\/embed\/7vWB6_-wBmA?feature=oembed\" frameborder=\"0\" allow=\"accelerometer; autoplay; clipboard-write; encrypted-media; gyroscope; picture-in-picture; web-share\" referrerpolicy=\"strict-origin-when-cross-origin\" allowfullscreen><\/iframe><\/p>\n<p>&nbsp;<\/p>\n<p>&nbsp;<\/p>\n","protected":false},"excerpt":{"rendered":"<p>Presentaci\u00f3n y bienvenida al Foro por la RvsR Chiapas Lectura de la denuncia del Caracol de la Junta de Buen Gobierno de Oventic del 27 de marzo de 2012 sobre el caso de Francisco S\u00e1ntiz L\u00f3pez Palabras de Jorge Luiz Hern\u00e1ndez Castro (Centro de De Derechos Humanos Frayba) sobre el caso de Alberto Patisht\u00e1n El&hellip;<\/p>\n","protected":false},"author":5288,"featured_media":0,"parent":303,"menu_order":0,"comment_status":"closed","ping_status":"closed","template":"","meta":{"footnotes":""},"class_list":["post-331","page","type-page","status-publish","hentry"],"_links":{"self":[{"href":"https:\/\/foroporlalibertad.noblogs.org\/index.php?rest_route=\/wp\/v2\/pages\/331","targetHints":{"allow":["GET"]}}],"collection":[{"href":"https:\/\/foroporlalibertad.noblogs.org\/index.php?rest_route=\/wp\/v2\/pages"}],"about":[{"href":"https:\/\/foroporlalibertad.noblogs.org\/index.php?rest_route=\/wp\/v2\/types\/page"}],"author":[{"embeddable":true,"href":"https:\/\/foroporlalibertad.noblogs.org\/index.php?rest_route=\/wp\/v2\/users\/5288"}],"replies":[{"embeddable":true,"href":"https:\/\/foroporlalibertad.noblogs.org\/index.php?rest_route=%2Fwp%2Fv2%2Fcomments&post=331"}],"version-history":[{"count":2,"href":"https:\/\/foroporlalibertad.noblogs.org\/index.php?rest_route=\/wp\/v2\/pages\/331\/revisions"}],"predecessor-version":[{"id":390,"href":"https:\/\/foroporlalibertad.noblogs.org\/index.php?rest_route=\/wp\/v2\/pages\/331\/revisions\/390"}],"up":[{"embeddable":true,"href":"https:\/\/foroporlalibertad.noblogs.org\/index.php?rest_route=\/wp\/v2\/pages\/303"}],"wp:attachment":[{"href":"https:\/\/foroporlalibertad.noblogs.org\/index.php?rest_route=%2Fwp%2Fv2%2Fmedia&parent=331"}],"curies":[{"name":"wp","href":"https:\/\/api.w.org\/{rel}","templated":true}]}}